).
-5
Let f(b) = -b - 2. Let m be f(-7). Let k(x) = 2 - 4*x - x + m*x - x. Determine k(-3).
5
Let m be 194/(-4) + 5/10. Let y = m - -52. Let n(o) = -o**3 + 3*o**2 + 5*o - 4. What is n(y)?
0
Suppose -t - 2*t = 36. Let v = 12 + t. Suppose 4*h = -4*d, -16 = -5*d - v*h - h. Let n(j) = j**3 - 5*j**2 + 6*j - 2. Calculate n(d).
6
Let z(q) = -3*q - 13. Let h be z(-6). Suppose -8*u = -53 + h. Let p(s) = s**2 - 5*s + u*s + 3 + 2*s. What is p(-3)?
3
Let h = -33 + 27. Let s(d) = -d**2 - 6*d + 4. Let r be s(h). Let g(p) = -p - 4. Let v(z) = -6*z - 20. Let o(y) = -11*g(y) + 2*v(y). Give o(r).
0
Let f(l) = l**3 - 2*l**2 - 4*l - 1. Suppose 23*v - 12 - 57 = 0. Calculate f(v).
-4
Let s(p) be the third derivative of -p**4/4 - p**3/2 - p**2 + 14*p. Determine s(3).
-21
Let f(o) = o**2 - 9. Suppose 5*h - 29 = 91. Suppose 0 = -6*y - 66 + h. Let n be (-3)/21 - 1/y. What is f(n)?
-9
Let j be (-2 - -5)*(-2)/6 - (-330 + 332). Let t(p) = -4*p**3 - 2*p**2 + 9*p - 1. Let y(f) = f**3 + f**2 - f. Let a(b) = -t(b) - 6*y(b). Give a(j).
28
Let p(u) = u**2 + 10*u + 0*u**2 - 2*u**2 + 6. Let d be 3/(-6) + (105/2)/5. Determine p(d).
6
Let m(s) = s**2 + 6*s. Let q(w) = w**3 + 5*w**2 + w. Let l be (9/18)/(2/24). Suppose r + l - 1 = 0. Let c be q(r). Determine m(c).
-5
Let y = -64 - -101. Let t(g) = 27 - g + 3*g - y. Let c(r) = -2*r - 5. Let a be c(-6). Determine t(a).
4
Let f(q) = -q**2 - 5*q + 1. Let y(m) = -m**3 + 11*m**2 - 10*m + 2. Let a be y(10). Suppose a*x + 37 = -5*r, 2*r = -3 - 7. Determine f(x).
-5
Let r(c) be the third derivative of -c**5/10 + c**4/24 + c**3/3 + 789*c**2. Give r(2).
-20
Let g(b) = -2*b**2 + 15*b - 15. Let s be g(7). Let r(u) = -u**3 - 8*u**2 - 8. Calculate r(s).
-8
Let l(v) = -v**2 - 6*v + 8. Let h be (-68)/12 + ((-7)/3)/7. What is l(h)?
8
Suppose 4*r = 9*r - 25. Let x(b) = 9*b + 4*b**2 + 0*b**3 - 2*b**3 + 6 + 3*b**3 - r*b. Determine x(-4).
-10
Let f(t) = 3*t**2 + 56*t - 16. Let h be f(-19). Let c(y) be the second derivative of 5*y**3/3 - 2*y**2 + 3*y. Determine c(h).
26
Let o(l) = 526*l + l**2 - 3 - 526*l. Calculate o(-3).
6
Let l(u) = -u**3 + 2. Let a be l(-2). Let i(n) = 2*n**2 + 4 - n**2 - 3*n - a + 9*n. Calculate i(-6).
-6
Let d(y) be the third derivative of y**6/120 + y**5/60 - y**3/6 + y**2. Suppose p - 2*t + 4 = -3*t, 2*p + t = -2. Determine d(p).
11
Let h be (-6)/10 + (-4)/10. Let k(z) = -2*z**3 + 3*z**2 + 3*z - 2. Let x(s) = -3*s**3 + 7*s**2 + 7*s - 5. Let o(r) = -5*k(r) + 2*x(r). Determine o(h).
-4
Let r(n) be the second derivative of n**5/20 - n**4/12 + n**3/6 - 4*n**2 - 4*n + 2. Determine r(0).
-8
Let d(z) = 6*z**3 + 15*z**2 + 12*z + 4. Let f(u) = 7*u**3 + 19*u**2 + 14*u + 5. Let y(s) = 6*d(s) - 5*f(s). Determine y(6).
47
Let b(s) be the second derivative of s**5/20 - 5*s**4/6 + 4*s**3/3 + 5*s**2 - 153*s. Give b(9).
1
Let j(d) = d**2 - 8*d + 4. Let m be 3/12 - 19/(-4). Suppose 38 = m*c + f, 2*f - 44 = -5*c - f. What is j(c)?
-3
Suppose 32 = -2*u + 4*q, 2*u + q + 0*q = -12. Let g(j) = 32*j + 33. Let h(f) = 10*f + 10. Let v(m) = 6*g(m) - 19*h(m). Determine v(u).
-8
Let a = 7 + -1. Let r(c) = -8*c + 11. Let s(b) = 9*b - 12. Let l(q) = a*r(q) + 5*s(q). Suppose -5*x = i - 29, 2*i - 3 = 3*x - 10. Determine l(i).
-6
Let q(c) = -c - 11. Let h = -717 - -711. Give q(h).
-5
Let y(m) = 2 + 2*m**2 - m - m - 3*m**2. Let h = 17 - 5. Let f = 8 - h. What is y(f)?
-6
Let s(g) be the first derivative of -2*g**2 + g + 88. Calculate s(-6).
25
Let d(i) = -i**3 + 3*i**2 - i. Let a be d(2). Let r = 75 - 74. Let y(j) = r - 7*j + 6*j**a - j**3 - 1. Determine y(5).
-10
Let y be (-1)/((-4)/(-14))*-2. Let i(m) = -m - 9. Let d(r) = 26 + 6*r - r - 3*r. Let g(z) = 3*d(z) + 8*i(z). Give g(y).
-8
Let a = 0 + -2. Let w(m) be the second derivative of 2*m + 0 - 2/3*m**3 - 1/2*m**2. Calculate w(a).
7
Let n(x) = -x + 4. Let m(h) = -2*h - 19. Let t(u) = -m(u) - 5*n(u). Calculate t(2).
13
Let y be 1 - (-1 + -3 + -1). Suppose 5*s - 65 = -0*s - 5*j, 5*s + j = 45. Let q(l) = s*l**3 + 2*l - 12*l**2 - 5 - 7*l**3 + 6*l**2. Calculate q(y).
7
Let d(j) be the third derivative of j**7/2520 - j**6/720 - j**5/15 + 11*j**4/24 + 16*j**2. Let z(p) be the second derivative of d(p). Give z(0).
-8
Let b(i) = -478 + 4*i**2 - 3*i**2 + 488. Calculate b(0).
10
Let n(l) be the second derivative of l**3/3 - l**2/2 + 57*l. Determine n(-1).
-3
Let d(l) be the third derivative of -l**6/360 - l**5/30 + l**4/6 + 11*l**3/6 - 31*l**2. Let m(v) be the first derivative of d(v). Give m(-3).
7
Let u be 1*(1 + -11)/(-5). Let h = -1 + 1. Let r(x) = 0 + h + 4 + u + x. Calculate r(-6).
0
Let s(f) = f**2 - 6*f - 6. Let y be (-1003)/(-13) + 8/(-52). Suppose -2*j - y = -13*j. Calculate s(j).
1
Let d(v) = -3*v - 18. Let p = 1853 + -1861. Calculate d(p).
6
Let m(v) be the first derivative of -v**6/360 - v**5/30 + 7*v**4/24 + 20*v**3/3 + 7. Let s(d) be the third derivative of m(d). Determine s(-5).
2
Let s(l) be the first derivative of l**4 + 2*l**3/3 - l - 45. Give s(2).
39
Let q = 304 - 328. Let m(b) = -b**3 - 23*b**2 + 25*b + 32. What is m(q)?
8
Let h(m) be the second derivative of m**5/60 + m**4/4 + m**3/2 + 39*m**2/2 - 30*m. Let s(i) be the first derivative of h(i). Let y be 1/1*2/(-1). What is s(y)?
-5
Let y(o) = 5*o**2 + 34 - 11*o - 4*o**2 - 23*o + 18*o. Give y(15).
19
Let c = -65 - -68. Let w(i) = i**3 + 1 + c - 6*i**2 - i + 2 + 1. Give w(6).
1
Let p(k) = k**3 - 8*k**2 + 2*k - 10. Let l be p(8). Suppose 3*v + 12 = l*v. Let q(b) = -5 - b**3 + 4*b**2 + 0*b + 0*b. Determine q(v).
-5
Let r(i) = -3*i - 23. Let n(y) = -5*y - 44. Let k(h) = -4*n(h) + 7*r(h). Let l be k(10). Let z(x) = -x**2 + 4*x - 1. Calculate z(l).
-6
Suppose -3*y + 0*y = -12. Let d(m) = -3*m**2 + 2*m - 1. Let z = -29 - -24. Let p(q) = -4*q**2 + 3*q - 1. Let x(b) = z*d(b) + 4*p(b). What is x(y)?
-7
Let t(h) = -5*h - 3. Suppose 0 = -0*z - 4*z - g - 18, -2*g - 4 = 0. Give t(z).
17
Let i(g) = -g + 2*g - 3*g + 16 + 8*g. Let h(c) = c + 3. Let w(d) = 11*h(d) - 2*i(d). Give w(-8).
9
Let a(l) be the second derivative of -1/4*l**5 + 1/2*l**2 - 37*l + 1/12*l**4 + 0 + 1/3*l**3. Suppose u = 3*u + 2. What is a(u)?
5
Suppose -2*u - 2*u = -3*m, m - 3*u + 5 = 0. Let f(z) = -4 - 1 + 6 + 5*z - m*z. Let i = -18 + 21. Determine f(i).
4
Let a(b) = 2*b**2 + b. Let g(r) = 3*r**2 + 3*r - 2. Let k(p) = -4*a(p) + 3*g(p). Suppose 0 = -3*d - 6 - 9. Calculate k(d).
-6
Let g(t) = t - 1. Let c be g(0). Let d(a) = -a - 1. Let h(v) = -5*v - 7. Let q(p) = c*h(p) + 2*d(p). Suppose 3*s + 2 = -10. Determine q(s).
-7
Let x(v) = -3*v**2 + 9*v - 8*v + 3*v**2 + 3*v**2. Give x(-2).
10
Let m(n) be the second derivative of -n**4/6 - 7*n**3/6 + 10*n - 2. Calculate m(-5).
-15
Let i be (1/(-1))/(-2 - -3) + 3. Let y = i - 5. Let j(g) = 4*g - 2. Give j(y).
-14
Let y(a) = -18*a + 5. Let q(z) = 14 - 58*z - 9*z + 14*z. Let t(f) = -6*q(f) + 17*y(f). Calculate t(1).
13
Let u(z) be the second derivative of z**4/12 + 3*z**3/2 - 19*z**2/2 - 292*z. Calculate u(-10).
-9
Let s(o) = o**2 - 2*o - 2*o + o - 3 - 1. Let b be s(3). Let a(h) = 14*h**2 + 10*h + 5. Let l(m) = 4*m**2 + m. Let r(k) = a(k) - 3*l(k). Calculate r(b).
9
Let y(z) = -2*z. Let d = -7 + 9. Suppose 5*p + m - 3 = d*p, 7 = 5*p + m. Give y(p).
-4
Let r(x) = -9*x**2 - 3*x - 1 - 11*x**2 + 15*x**2 - x**3. Determine r(-4).
-5
Let y(q) = -5*q - 7 + 1 + 6*q. Suppose 0 = -8*b + 7*b + 1. Let x be (-3)/1*(b + -3). Calculate y(x).
0
Let v(p) be the first derivative of -32*p**2 - 6*p + 17*p**2 + 17*p**2 - 4. Determine v(-5).
-26
Let u(i) = -i - 8. Suppose 5*p + 6 = 3*b, 38 = 5*b - 11*p + 12*p. Give u(b).
-15
Let r(i) = -2*i - 1. Suppose 126 = -5*f + 101. What is r(f)?
9
Let f(c) = -c**3 - 7*c**2 - 9*c - 9. Let d(h) = h**3 - 4*h**2 - 11*h + 24. Let x be d(5). Determine f(x).
9
Let v(d) = 22*d**2 - 7*d + 8. Let s(t) = 19*t**2 - 6*t + 7. Let q(n) = -6*s(n) + 5*v(n). Determine q(1).
-5
Let d be (7 + 18/(-3))*(0 + 0). Let n(s) be the second derivative of d - s + 1/2*s**2 - 7/6*s**3. Calculate n(-1).
8
Let b(v) be the second derivative of v**4/12 - v**3/6 - v**2/2 + v + 56. Suppose 5*j - 3*j - 2 = 0. Calculate b(j).
-1
Let p = -36 + 50. Let b(r) = r**3 - 12 - p + 2*r**2 + 2*r + 24. Determine b(-3).
-17
Let i(h) = 2*h**2 + 12*h + 3. Let a(g) be the second derivative of g**4/12 + g**3 + g**2/2 + 33*g. Let b(o) = -13*a(o) + 6*i(o). Give b(-5).
10
Suppose -5*v = -y + 13 -